m + 16. Suppose -4*c + m*c - 56 = 4*l, c + 5*l = 38. Let d(p) = -3*p - 8. Calculate the remainder when c is divided by d(-6).
8
Let s(t) = -t**3 + t**2 - t + 2. Let g be 4/(-7) - 80/56. What is the remainder when 30 is divided by s(g)?
14
Let h = 231 + -163. Calculate the remainder when h is divided by 12.
8
Suppose 0 = -s - 3*h + 75, 0*s = -3*s - h + 265. What is the remainder when s is divided by 31?
28
Let g(k) = 86*k**3 - k**2 + 2*k - 1. What is the remainder when g(1) is divided by 22?
20
Let o = 33 - 29. Calculate the remainder when 19 is divided by o.
3
Calculate the remainder when 31 is divided by (0 + 1)*(-8 + 19).
9
Suppose 2*y = 2*g - 12 - 0, 0 = g + 5*y + 24. Let j(r) = -3*r**2 - r + 3*r**2 + 2*r + 2*r**2. Calculate the remainder when g is divided by j(-1).
0
Suppose 26 = 2*s - 2*q, 3*s - 74 = -2*s + 2*q. Suppose -4*v - 16 = 0, -4*l + 4*v - 219 = -9*l. Calculate the remainder when l is divided by s.
15
Let t(g) = g + 4. Let q be 9 - (2 - (-1)/1). What is the remainder when t(q) is divided by 3?
1
Let o be (5 - 1)*(-2 + 1). Let m = 3 - o. Calculate the remainder when m is divided by 3.
1
Let r(i) = -i + 13. Let h be r(-11). Suppose 4*a = h + 24. Calculate the remainder when 33 is divided by a.
9
Let i(g) = -49*g. Suppose -2*u + 4 = -p - 4*u, 0 = 2*p + u - 4. What is the remainder when i(-1) is divided by (-34)/p*(-2 - 0)?
15
Let y(x) = -x - 1. Let f(w) = -24*w - 3. Let h(d) = f(d) - 5*y(d). What is the remainder when h(-2) is divided by 14?
12
Let j(w) = 2*w**2 + w - 17. Let q(n) = n**2 - 4*n - 1. Calculate the remainder when q(-3) is divided by j(-4).
9
Let s(n) = -n + 26. Let t be s(0). Let k = t + -15. Calculate the remainder when 30 is divided by k.
8
Suppose -2*v = -0*v - 6. Suppose 8*f - 80 = v*f. Calculate the remainder when f is divided by 9.
7
Let u = -73 + 104. What is the remainder when 153 is divided by u?
29
Suppose -x + 2*x - 13 = 0. Let t = 48 - 40. What is the remainder when x is divided by t?
5
Calculate the remainder when 32 is divided by (15/(-25))/(2/(-60)).
14
Suppose 0*d + 99 = 9*d. Calculate the remainder when 26 is divided by d.
4
Let d = -11 - -17. Let q be (3 - 21)*(-14)/d. Suppose -5*i + 4*u + q = 0, -5*i = -5*u - 14 - 31. Calculate the remainder when 16 is divided by i.
4
Suppose -5*o + 3*m + m = 0, 0 = 4*o - 2*m - 6. Suppose 5*i - 5 = j - 3, -4*i + 16 = o*j. Suppose 0 = b - j - 2. What is the remainder when 8 is divided by b?
3
Suppose 2 - 6 = 4*g, n - 3*g = 20. Calculate the remainder when n is divided by 9 - (0 - 0)/1.
8
Suppose -30 = -2*k - o, -5*k - 2*o = -0*k - 76. Calculate the remainder when 31 is divided by k.
15
Suppose 91 = 3*w - p, -64 = -2*w - 0*w - p. Calculate the remainder when w is divided by 17.
14
Suppose 5*h + 0 = 4*z + 6, 0 = 3*h - 4*z - 2. Suppose 172 = 2*b + h*b. Let p = -35 + 50. Calculate the remainder when b is divided by p.
13
Let m = -4 - 1. Let i(f) = -f**2 - 5*f + 6. Let c be i(m). Let q = c - 3. What is the remainder when 5 is divided by q?
2
Suppose 5*u = 4*a - 19 + 77, 10 = 2*u + 5*a. What is the remainder when 19 is divided by u?
9
Let a = 0 - 0. Suppose -4*i + 7*i - 21 = a. Calculate the remainder when (-156)/8*2/(-3) is divided by i.
6
Let c = 9 - 6. Suppose 3*m - 45 = -2*m. Let o(u) = -u**3 + 8*u**2 + 9*u + 9. What is the remainder when o(m) is divided by c?
0
Let m(q) = 8*q + 11. What is the remainder when m(7) is divided by 12?
7
Let c = 10 + -4. Suppose -5*t = w + 790, w + 3*w + 139 = -t. Calculate the remainder when t/(-15) - 4/(-10) is divided by c.
5
Let t be 35/4 - 2/(-8). Let l = 16 - t. Suppose 6 = -r + 25. Calculate the remainder when r is divided by l.
5
Let c be (-1 + 1)*(3 + -2). Suppose -w + c*w + 18 = 3*h, 4*h = -5*w + 79. Let y = -107 - -151. Calculate the remainder when y is divided by w.
14
Suppose 0 = -4*m + f + 95, 5 - 14 = 3*f. Let r = m - 13. Suppose 2*t = -3*t + 20. Calculate the remainder when r is divided by t.
2
Let v(m) = -m**3 + 2*m**2 + 27. What is the remainder when v(0) is divided by (3 - (-2 - -4)) + 9?
7
Suppose 0 = -4*t + 5*n - 18, 0 - 4 = 4*t + 2*n. Suppose 4*k + 4 = 0, 3*k + 0*k = y - 7. Calculate the remainder when 20 is divided by 1/t - (-46)/y.
9
Let p be -3 - 3*(-2 + 0). Let i = -1 + p. Calculate the remainder when 2 is divided by i.
0
Suppose 2 = -i + 8. Calculate the remainder when 15 is divided by i.
3
Let y(f) = -8*f - 9. Calculate the remainder when (-22)/(-2 - 3/(-2)) is divided by y(-4).
21
Suppose -u + 4*u = 9. Let d = 63 + -40. Suppose -d - 27 = -5*j. What is the remainder when j is divided by u?
1
Let o(j) be the third derivative of -j**6/120 + 3*j**5/20 - 7*j**4/24 + 3*j**3/2 + 6*j**2. What is the remainder when o(8) is divided by 7?
3
Suppose 40 = 4*v - 8. Calculate the remainder when 59 is divided by v.
11
Suppose 4*m + 0*m - 116 = 0. Let a = -18 + m. Calculate the remainder when 30 is divided by a.
8
Let p(r) = r**2 + 3*r + 10. Let z be p(-7). Let t = z - 21. Calculate the remainder when 65 is divided by t.
14
Let w(d) = 19 - d - 28 + 32. Let i(n) = -n + 4. Let f be i(4). Calculate the remainder when w(f) is divided by 6.
5
Let k(m) = m**3 - 7*m**2 + 7*m - 6. Let c be k(6). Suppose 2*s - 109 = -h, 3*s + c*h - 166 = h. Let t = s - 18. What is the remainder when t is divided by 13?
11
Suppose -10 - 6 = -c. What is the remainder when 78 is divided by c?
14
Let a(q) = q**3 + 4*q**2 + 2*q + 4. Let o(y) = -y + 3. Let t be o(7). Let k be a(t). What is the remainder when 5 is divided by k/22 + 24/11?
1
Let c be (-2)/(-3 - -4) + 3. What is the remainder when 65 is divided by 17*c*(0 + 1)?
14
Suppose a - t - 74 = 0, -3*t - 154 = -2*a - 7*t. Calculate the remainder when a/2 + (-4)/8 is divided by 19.
18
Let v = 26 - -45. What is the remainder when v is divided by 18?
17
What is the remainder when (-12)/30 - 182/(-5) is divided by 20?
16
Let b = -6 - -7. Calculate the remainder when 17 is divided by (b + 0)/(-1) - -10.
8
Suppose -5*l = -5 - 15. Calculate the remainder when l/(-1)*234/(-72) is divided by 8.
5
Let v = 53 + -52. What is the remainder when 9 is divided by v?
0
Suppose -2*l + 25 = 3*l. Suppose 20 = 4*k - 4*n, 7 + 13 = 4*k + l*n. Suppose -k*o + 7 = -33. Calculate the remainder when 23 is divided by o.
7
Let z(f) = -f - 6. Let v be z(13). Let q = v - -31. Let j(k) = -k + 1. Calculate the remainder when q is divided by j(-6).
5
Suppose 5*k - 5*g = 520, -g + 0 - 1 = 0. Calculate the remainder when k is divided by 26.
25
Suppose -5*s + 23 = -2*n + 3, -5*n - s = -4. Let v = n - -20. What is the remainder when v is divided by 8?
4
Let i(x) = -7*x**3 + x**2 - 2. What is the remainder when i(-2) is divided by 15?
13
Calculate the remainder when 231 is divided by 19 + -1 + -3 + -2*1.
10
Let z = -4 + 8. Suppose -54 = z*p - 7*p. What is the remainder when 51 is divided by p?
15
Suppose 2*g - 2*q - 42 = -0*g, -2*q - 111 = -5*g. Suppose -2*b + 2*l = -96, -l - l - 140 = -3*b. What is the remainder when b is divided by g?
21
Let y = -6 - -12. Suppose 2*k - 77 = 3*a, 25*a - 24*a = 2*k - 79. What is the remainder when k is divided by y?
4
Let n(j) = 2*j**3 - 25*j**2 + 17*j - 4. Suppose -5*f + 7 = -13. Suppose 3*p = 5*u - 83, 2*u - f*p = -15 + 37. What is the remainder when n(12) is divided by u?
18
Let g(w) = -w**3 + 4*w**2 + 7. Let t be g(5). Calculate the remainder when t*3/6*-1 is divided by 5.
4
Let t be -1*(-3 - (-1 + 0)). Suppose 0 = -0*f + t*f - 18. What is the remainder when 16 is divided by f?
7
Let h(p) = -p**3 + 2*p**2 + 1. Let k be h(3). Let i(u) = u**3 + 8*u**2 - u + 5. Calculate the remainder when 25 is divided by i(k).
12
Let a = -240 - -444. Calculate the remainder when a is divided by 41.
40
Let n(t) = 4*t**2 - 4*t + 4. Let r be n(-7). Suppose -80 = -4*j - j. Calculate the remainder when (-2)/(-5) - r/(-5) is divided by j.
14
Suppose -24 = -3*n + 24. Suppose 2*a = -0*l + 3*l + 12, 4*l = -4*a + 24. Calculate the remainder when n is divided by a.
4
Let l be 0/(0 + 2 + -1). Let w = l - -1. What is the remainder when 31 is divided by 18*1 + -1 - w?
15
Suppose -3*m = -8*m + 35. Let j = 68 - 44. Calculate the remainder when m is divided by (-6)/4*j/(-9).
3
Suppose -16 = -4*r, -2*j + 75 = 3*r - 193. Let c be ((-18)/(-8))/(6/j). Suppose c + 90 = 3*t. Calculate the remainder when t is divided by 16.
14
Let w(p) = p**2 + 